second derivative of q**5/60 - 5*q**4/12 + 5*q**3/2 + 45*q**2/2 + 115*q. Let n(k) be the first derivative of w(k). What is n(7)?
-6
Suppose -172*g + 4 = -170*g. Let f(k) = -3*k**3 - k**2 + k - 6. Determine f(g).
-32
Let r(f) = -21*f**3 + 5*f**2 + 10. Let s(c) = 12*c**2 + 160*c**3 - 21*c**2 - 64 - 19*c**2 - 24*c**3 - 4*c**2. Let g(z) = 32*r(z) + 5*s(z). Determine g(-1).
-8
Let t(u) = u + 13 + 0*u - 9. Let y(x) = 11. Let h(l) = 13. Let d(q) = 5*h(q) - 6*y(q). Let j(m) = -2*d(m) - t(m). Determine j(10).
-12
Let f(b) = 2 - 1406*b - 1 + 1409*b + b**2. Let i(u) be the first derivative of u**3/3 - 5*u**2/2 - 7*u - 1. Let c be i(6). Give f(c).
-1
Let o(y) = 28*y - 58. Let u(r) = -9*r + 19. Let s(m) = -5*o(m) - 16*u(m). Suppose 88*n = 14*n + 370. Let a be s(n). Let x(d) = 4*d - 9. What is x(a)?
15
Suppose 0 = 4*h + 2*o - 18, o + 2 - 15 = -3*h. Suppose 9*g - 280 = h*g. Let q be g/(-32)*-1*4. Let n(z) = z + 2. Give n(q).
9
Let c(d) be the first derivative of -7*d**2 - 15*d - 2562. What is c(-6)?
69
Let g(p) = 11*p - 9*p + 3*p**2 - 2*p**3 - 2 + p**2. Let i be -283 - ((-14)/2)/(-1). Let h = i + 293. Determine g(h).
-14
Suppose 5*z = 4*a + 21 + 5, 4*a = -3*z - 10. Let r be (z - 3) + (2 - (0 - 0)). Let l(k) = 1 + 5*k + 14*k + k - k. Give l(r).
20
Let q(l) = -53*l**2 - 4*l + 5. Let p(k) = 66*k**2 + 2*k - 7. Let m(d) = -4*p(d) - 5*q(d). Give m(-11).
-8
Let a = 310 - 297. Let j(p) = p - a - 13 + 3 - 1 + p. Determine j(11).
-2
Let i(s) = 2*s - 10. Suppose 2*d - 11 - 3 = -2*f, 2*d - f - 11 = 0. Let l(q) = -8*q - 2*q - d*q**2 + 4*q**2 - 9*q. Let j be l(-9). Calculate i(j).
8
Suppose 0 = -72*j + 50*j + 110. Let y(s) = 6*s - 9. Give y(j).
21
Let o = 714 + -384. Let k = 329 - o. Let r(y) be the first derivative of -3*y**4/4 - 1. Determine r(k).
3
Let g(p) = 3*p - 16. Let f(i) = -7*i**3 + i**2 + 5*i - 4. Let t(a) = 14*a**3 - 2*a**2 - 9*a + 7. Let c(m) = -7*f(m) - 4*t(m). Let h be c(-1). Calculate g(h).
5
Let q(r) = -7 + 2*r - 9*r - r**2 - 6*r**3 - 2*r**3 + 5*r**3 + 2*r**3. What is q(0)?
-7
Let m(n) = 46 - 4 - 18*n**2 + 17*n - 43 + n**3. Calculate m(17).
-1
Let x(u) = 2*u**3 + u**2 - 4*u - 2. Let a(t) = 5*t - 102. Let c be a(20). Let j be -3 + 12/c + 7. Determine x(j).
-6
Let y(v) be the second derivative of v**5/20 - v**4/3 - 11*v**3/6 - 2*v**2 - 4*v + 1. Let o be y(6). Let f(w) = -272*w**2 - o + 3 + 262*w**2. Give f(-1).
-9
Let z(r) be the third derivative of r**5/60 + r**4/8 - 37*r**3/6 - 2355*r**2. Give z(-7).
-9
Let y(l) = -l**3 + 4*l**2 + 3*l. Let c = 15 + 17. Let z be (-4)/(-1) - c/8. Suppose z = 2*j - 0 - 10. Calculate y(j).
-10
Suppose -172*i + 28*i = 1584. Suppose -2*x = 3*x. Let v(n) = 13 + x*n**2 + n**3 + 6*n**2 - 10*n + 4*n**2. Give v(i).
2
Let k = 9 - 6. Suppose -5*d + 13 = k. Let t(r) be the third derivative of -r**4/12 + 7*r**2 + r. What is t(d)?
-4
Let a(j) = 29*j**2 - 34*j + 268. Let f(n) = 10*n**2 - n - 1. Let z(b) = -a(b) + 3*f(b). Determine z(-38).
-5
Suppose -242 + 92 = -5*l. Suppose -l + 86 = -14*r. Let z(s) = -4*s + 1. Give z(r).
17
Let m = -18 + 21. Suppose s + m = h, 0 = 3*h - h. Let g(o) = -3*o - 2. Give g(s).
7
Suppose 4*f = f - 6. Let v(k) = 34*k**2 - 4*k + 9 + 2*k - 36*k**2 - 7. What is v(f)?
-2
Let l(v) = v**3 - 5*v**2 + 7*v - 10. Let f be l(4). Let u(i) be the second derivative of 2*i**3/3 + i**2/2 + 758*i. Determine u(f).
9
Let d(u) = -2*u + 34 + 11 + 3 - 11. What is d(6)?
25
Let j(w) = -w**3 + 8*w**2 - 12*w - 1. Suppose 123 = -8*z - 137 + 308. Calculate j(z).
-1
Let z be (30/(-175) - (-6)/(-15))/((-4)/28). Let m(l) = l**2 - 4*l + 3. Give m(z).
3
Let d be (-27)/(-4860)*1284 + 2/(-15). Let p(j) = -156*j + 1089. Calculate p(d).
-3
Let z(c) be the third derivative of -c**6/120 - 11*c**5/60 + 11*c**4/24 + 13*c**3/6 + 13423*c**2. Determine z(-12).
25
Let j = -2 - -5. Let a(m) = 0 + 424*m**2 - 1261*m**2 + 419*m**2 - 4*m + 419*m**2 + 1. Give a(j).
-2
Let j(m) = 5*m - 204. Suppose -3*z + 75 = 2*x, -4*x - 2*z = -128 - 34. What is j(x)?
6
Suppose 20*t - 141 = 39. Suppose -r + 1 + t = -3*a, 4*a = -3*r - 35. Let g(i) = 2*i**2 + 6*i - 1. Determine g(r).
19
Suppose -4*u + 4*g + 324 = 0, 4 = -4*g - 8. Let n = 165 + -158. Let c be (-2)/n + u/(-21). Let a(d) = -d**2 - 3*d - 1. Calculate a(c).
-5
Let u(t) = -20*t**3 + 14*t**2 - 52*t - 7. Let o(g) = 17*g**3 - 14*g**2 + 52*g + 8. Let y(f) = 7*o(f) + 6*u(f). Give y(-17).
-3
Let j(b) = 7*b**3 + 2*b**2 - 4*b + 2. Suppose 102 + 4 = 106*v. Determine j(v).
7
Let m(d) = d**3 - d**2 + 9. Let o(x) = 9*x**3 - 18*x**2 + 19*x - 12. Let g(n) = -7*m(n) + o(n). What is g(5)?
-5
Let x(c) = -c**2 - 8. Let u = -2023 - -2032. Calculate x(u).
-89
Let u be (430/(-50) + 8)*15. Let n(l) = 4*l + 41. What is n(u)?
5
Let i(r) = 6*r + 3*r**2 - 2*r**2 - 3 - 4. Suppose -y - 74 + 69 = 0. What is i(y)?
-12
Let i(q) = 24*q - q**2 + 43 + 26 + 80. What is i(29)?
4
Suppose 0 = 42*h - 48*h + 1518. Let b = h + -253. Let o(j) be the second derivative of j**4/12 - j**3/6 + 3*j**2/2 - j. Calculate o(b).
3
Let z(s) = s**2 + s - 12. Let o(a) = a**3 - 13*a**2 + 5*a - 39. Let r be o(13). Let v = 26 - r. Determine z(v).
-12
Let y(m) = 7*m**3 - 11*m**2 + 4*m + 27. Let j(q) = -q**3 + q**2 - q - 3. Let z(w) = -6*j(w) - y(w). What is z(5)?
1
Let s(l) be the first derivative of l**4/4 + 4*l**3/3 - l**2/2 + l - 1136. What is s(-6)?
-65
Suppose -2*a - 5*u + 9 = -10, 26 = 4*a - 2*u. Let s be (2*2/18)/((-3)/(-27)). Let j(n) = 1 - n - n + 5*n - s*n. Give j(a).
8
Let h(y) = 3*y + 1438*y**2 - 480*y**2 - 475*y**2 - 475*y**2 - y**3 - 11 - 2*y. Suppose 32 = -0*v + 4*v. Give h(v).
-3
Let u(a) = a**3 - a + 11. Let b(w) = 2*w + 15. Let m be b(-7). Suppose 5*n + 4*c = -m + 16, -3*c = 4*n - 11. Let l be (5/(-10))/(n/(-2)) - -1. Determine u(l).
11
Let r(n) = 9*n + 9. Let d = -48 + 53. Suppose -3*t = -d*t + 2*f + 8, 2*t = 3*f + 5. Let v(c) = -5*c - 5. Let h(o) = t*v(o) + 4*r(o). What is h(4)?
5
Suppose 3*o + 3 + 6 = -k, 3*o - 3*k + 9 = 0. Let v(l) = l + 2. Let i(x) = 1. Let r = -3616 + 3618. Let a(b) = o*i(b) + r*v(b). Give a(-2).
-3
Let v = -8264 - -8261. Let x(a) = -32*a - 11. Determine x(v).
85
Let x(l) be the second derivative of -l**3 - 115*l**2 - 7159*l. Give x(-38).
-2
Let w(h) be the second derivative of 2*h**3/3 - 10*h**2 + 213*h - 9. Calculate w(-12).
-68
Let m(r) = r**3 + 31*r**2 + 28*r - 40. Let x be m(-30). Let y = 14 - x. Let w(p) = -p**3 - 5*p**2 + 6*p - 4. Give w(y).
-4
Let z(l) = 26*l**3 - 56*l**2 - 22*l + 95. Let j(w) = 18*w**3 - 38*w**2 - 15*w + 65. Let o(i) = -16*j(i) + 11*z(i). Calculate o(-3).
-7
Suppose -i - 2*h = -26, -2*i = -2*h - 7 + 9. Let f(t) = 8*t**2 - 62*t - 19. Determine f(i).
-3
Let d(c) = -5*c**2 + 5*c + 9. Let y(v) be the first derivative of -14*v**3/3 + 8*v**2 + 27*v + 96. Let i(j) = -11*d(j) + 4*y(j). What is i(9)?
9
Let z(q) = -8*q + 19 + 7*q - 21. Suppose -14 = -m + k - 6, -4*m + k = -41. Calculate z(m).
-13
Let l(g) = g**2 - 2*g - 2. Let s be l(0). Let o be 7 + -2 + 4/s. Let t(u) be the third derivative of -u**5/60 - u**3/6 + 6*u**2 - 4. Give t(o).
-10
Let h(l) be the second derivative of l**6/360 + l**5/40 + 11*l**4/3 - 32*l - 1. Let k(r) be the third derivative of h(r). Give k(-2).
-1
Let y(b) = b**3 + 2 - 23*b**2 - 6 - 39*b**2 + 57*b**2 - 1. Let l be -6 + (3 - 1) + 12. Suppose 0 = -i + 3*i - l. Determine y(i).
-21
Let l(y) be the third derivative of 0*y - 15*y**2 + 0 + 1/24*y**4 - 1/2*y**3. Suppose 0 = u + 6*z - 2*z + 3, -u - 3 = -3*z. What is l(u)?
-6
Let p(r) = -7*r - 44. Suppose -5*n - h = -150 + 191, -4*n - 3*h = 46. Give p(n).
5
Let f(g) = -5*g + 20. Let t be ((-5)/(-2))/(16/96*3). Calculate f(t).
-5
Let p(y) = -y**3 + 4*y**2 + 7*y - 4. Let k be p(5). Let g(h) be the second derivative of h**5/20 - h**4/2 - h**3/2 + 2*h**2 + 13*h + 25. Give g(k).
-14
Suppose -20 = -4*x - 0*x. Let v(y) = y**2 + y + x + 2*y - 10*y. Let b be ((-10)/(-3) + -3)*(32 - (28 - 11)). Give v(b).
-5
Suppose -6*n = -4*n - 6. Suppose -n*t - 20 + 8 = 0. Let d(z) = -62*z - 1. Let k(j) = 215*j + 4. Let i(m) = 7*d(m) + 2*k(m). Give i(t).
17
Let y(p) = -p**2 - p. Let q(r) = 4*r**3 - 15*r**2 - 52*r - 6. Let j be q(6). What is y(j)?
-42
Let t(x) = -x**2 - 151*x - 2813. Let a be t(-22). Let r(o) = 6*o - 138. Give r(a).
12
Let s be -6 + (6 + 1 - -6). Suppose -3*c = -5*h + 9, -4*c + s*h - 12 = 9*h. Let i(y) = y + 6. Give i(c).
3
Suppose -778*h - 329 = -1604*h +